*u + 3*a + 12 = 7*u, 0 = 4*u + 2*a - 34. Calculate the remainder when 49 is divided by u.
0
Suppose 477 = -51*o + 1395. Calculate the remainder when 325 is divided by o.
1
Let k be (1 - 5) + (-4)/2. What is the remainder when (-88)/k + (-20)/30 is divided by 3?
2
Let k = -538 + 1087. Suppose k = 5*t + 3*p, -6*t + 5*p + 121 = -5*t. Calculate the remainder when t is divided by 28.
27
Let q = 25 + -20. Suppose 3*r - 5*j = -j + 296, q = -j. Suppose r = k + 28. What is the remainder when k is divided by 17?
13
Let l(c) = 2*c - 20. What is the remainder when 27 is divided by l(12)?
3
Suppose p - z + 690 = 6*p, 5*z + 112 = p. Let m = p + -131. Calculate the remainder when 38 is divided by m.
2
Let u = -147 - -464. Calculate the remainder when u is divided by 32.
29
Let a(s) = s**3 + 16*s**2 - 19*s - 31. Let z be a(-17). Suppose -600 = -5*w + z*n, -112 = -w - 0*w - n. What is the remainder when w is divided by 15?
12
Let v(z) = -17*z + 404. Calculate the remainder when 52 is divided by v(22).
22
Let a = -73 - -69. Calculate the remainder when 7/((-28)/(-396)) + a is divided by 24.
23
Let x = 75 - 8. Suppose -3*y - x = -4*y. What is the remainder when y is divided by 5?
2
Calculate the remainder when 107 is divided by 14 + (-32 - 1)/3.
2
Let p(i) = 6*i - 10. Suppose 2*j - 41 = -4*v - 3*j, 4*j - 36 = -4*v. Calculate the remainder when 25 is divided by p(v).
11
Let l = -37 - -89. Suppose -l*i - 9 = -55*i. What is the remainder when 3 is divided by i?
0
Calculate the remainder when 152 is divided by (11/(-3))/(6/(-39 - -3)).
20
Suppose 0 = -5*v + 5, -3*n + v = 4*v - 198. Suppose 4*m - 72 = 16. What is the remainder when n is divided by m?
21
Let x = 31 - 68. Let c = x + 51. Calculate the remainder when 39 is divided by c.
11
Let n = -52 - -87. Calculate the remainder when n + -1 + -2 + -3 is divided by 15.
14
Let z(i) = 2*i + 46. Let h = 0 - 15. Calculate the remainder when 109 is divided by z(h).
13
Let k(l) be the second derivative of 5*l**3/3 - l**2/2 + 7*l. Let f be k(2). Suppose -f = w - 2*w. Calculate the remainder when w is divided by 10.
9
Calculate the remainder when (-104)/(-5*4/140) is divided by 61.
57
Suppose -5*d + 27*q = 25*q - 90, 57 = 2*d - 5*q. Let m(t) = -2*t + 4. Let i be m(5). Let v = 0 - i. Calculate the remainder when d is divided by v.
4
Suppose 4*p + 154 = -3*g + 923, -g = -p + 194. Calculate the remainder when p is divided by 24.
1
Let y = 133 + 127. Calculate the remainder when y is divided by 58.
28
Suppose 372*a + 5*h = 370*a + 9, 19 = 2*a - 5*h. Let c = -2 + 0. Calculate the remainder when (14/(-3) + c)*-3 is divided by a.
6
Suppose 4*f = f + 72. What is the remainder when 247/52*(24 + -4) is divided by f?
23
Let d(o) = 14*o**2 + 4*o + 1. What is the remainder when 288 is divided by d(-2)?
43
Let r be 232/87*(-18)/(-8). Suppose 29 = r*k - 25. Calculate the remainder when 15 is divided by k.
6
Let w = 43 + 47. Let h be 7/(-1)*w/(-21). Let a = h + -18. Calculate the remainder when a is divided by 7.
5
Suppose 18*y - 36*y = -396. Calculate the remainder when 54 is divided by y.
10
Suppose 0 = 2*s - d - 44, -3*s + 5*d + 66 = 2*d. Calculate the remainder when 174 is divided by s.
20
Let n be ((-84)/(-30))/(3/(-30)). What is the remainder when 7/n - 26/(-8) is divided by 2?
1
Let k = -39 + 72. Let j = k + -26. Suppose 0 = -j*d + 4*d + 126. Calculate the remainder when d is divided by 11.
9
Let r = 30 + 224. Calculate the remainder when r is divided by 43.
39
Let o(g) = -18*g**3 - 5*g**2 - 8*g - 4. Let j = -2 - -7. Suppose 3*h = j*v - 335, 3*v + 0*h + 3*h = 201. Calculate the remainder when v is divided by o(-1).
16
Suppose -y + 2*l + 6 + 2 = 0, 0 = -y - 4*l + 2. Suppose 2*o = 6*o - 24. Calculate the remainder when y is divided by o.
0
Let m = 91 + -89. What is the remainder when (3 + m)*-9*(-3)/3 is divided by 16?
13
Let p(x) = -x**2 + 2*x - 5. Let u(q) = -2*q**2 + 2*q - 5. Let t(h) = 3*p(h) - 2*u(h). What is the remainder when t(-6) is divided by 2?
1
Let f(u) = 31*u**2 + 2*u - 2. Let o(n) = -2*n**2 + 1. Let k(i) = f(i) + 4*o(i). What is the remainder when 68 is divided by k(-1)?
22
Suppose 6*x = -1 + 271. Let r = 10 + x. What is the remainder when r is divided by 28?
27
What is the remainder when ((-107)/1)/(5 - 130/25) is divided by 90?
85
Suppose -2*d = -4*c - 26, 0 = -4*c + c - 3*d + 3. What is the remainder when 356/28 + c/(-14) is divided by 8?
5
Suppose 4*r = r. Suppose -4*n = -r*n - 88. What is the remainder when 41 is divided by n?
19
Let u(p) = -5*p**2 + 6*p + 17. Let i be u(-6). Let x = -96 - i. Calculate the remainder when x is divided by 8.
7
Let c(m) = -35*m - 157. Let z(l) = l**2 + l + 34. What is the remainder when z(0) is divided by c(-5)?
16
Let i(j) = 7*j + 10 - 10 + 5*j**2 - 6*j**2 - 3. Let o = -1 + 11. Calculate the remainder when o is divided by i(6).
1
Let k(p) = -p**2 + 16*p - 39. Let c(w) = w - 7. What is the remainder when c(23) is divided by k(12)?
7
Let z(j) = j**3 + 22*j**2 + 57*j + 20. Calculate the remainder when 73 is divided by z(-19).
13
Let n(z) = -z**3 - 3*z**2 - 4. Let m be n(-3). Let p(d) = -35*d + 7. Let o be p(m). Suppose 0*v - 3*v = -o. Calculate the remainder when v is divided by 17.
15
Suppose 13*h - 17*h = -60. Let v = -12 + 4. Let o(y) = -6*y + 10. Calculate the remainder when o(v) is divided by h.
13
Let p = 10 + -7. Suppose 2308 = 4*j + 2192. What is the remainder when j is divided by p?
2
Let t = 3 + 124. What is the remainder when t is divided by 46?
35
Let b(w) = -w + 3. Let a be b(4). Let c = a - -12. Suppose 0 = -5*z - 3*y - 2*y + 55, 4*y = 5*z - 10. What is the remainder when c is divided by z?
5
Suppose 0*v + 60 = 2*v. Let i = -18 - -21. Suppose i*p + r - 20 = 0, 5*p - 2*r - 39 = 9. Calculate the remainder when v is divided by p.
6
Suppose 3*g + 4*k - 181 = 0, 3*g + 8*k - 179 = 3*k. Let i = 2387 + -2355. Calculate the remainder when g is divided by i.
31
Suppose -4*u + 80 = -4*z, 3*z = -3*u + z + 40. Let k = 18 + 11. Suppose -2*o + 8 = 4*j - 26, -4*j - o = -k. What is the remainder when u is divided by j?
4
Let d(j) = j + 30. Let k be (2/(-6))/((-6)/18). What is the remainder when d(9) is divided by ((-4)/10)/(k/(-50))?
19
Let d(r) = 2*r**3 - 6*r - r - 12*r - 2 + 27*r**2 - 66*r**2. Calculate the remainder when 34 is divided by d(20).
16
Let i = -37 - -41. Suppose 0*v + v = 3*a + 42, -i*v - 3*a = -138. Calculate the remainder when v is divided by 13.
10
Suppose 4*w + 5 = 3*k - 3, 2 = -w. Suppose -3*s - 64 + 340 = k. What is the remainder when s is divided by 31?
30
Suppose -5*f + 95 = 5*a, 3*a - 56 = 4*f + 29. Calculate the remainder when 64 is divided by a.
18
Suppose -4*x - 6 = -10. What is the remainder when (-74)/((-1)/x) + (4 - 7) is divided by 25?
21
Let b = 23 + -12. Suppose -3*c + 50 = -4*x, -c - 3*x - 3 + b = 0. What is the remainder when c is divided by -24*(-4)/24*2?
6
Let t(y) = 13*y**2 + y + 1. Let k be (5 + (-156)/30)/((-2)/10). Let z(p) = 23*p**3 + p**2 - p. Calculate the remainder when z(k) is divided by t(-1).
10
Let z(p) = p**2 + 12*p + 6. Let y be z(-16). Let j = 86 - y. What is the remainder when j is divided by 9?
7
Let b(n) = 7*n**3 - n**2 - 8*n**3 + 10*n + 5*n**2 - 8 + 1. Let o(l) = -l**3 - 6*l**2 - 9*l - 1. Calculate the remainder when o(-6) is divided by b(5).
17
Calculate the remainder when 114 is divided by ((-39)/(-9))/(45/(-27))*-5.
10
Suppose -156 = -4*o - 4*g, g + g + 150 = 4*o. Let y be -2 - -3 - -2 - -1. Suppose 5*t - 70 = y*k, 10 = -3*k + k. Calculate the remainder when o is divided by t.
8
Let j = 816 + -765. What is the remainder when j is divided by 3?
0
Let u = -59 - -95. What is the remainder when u is divided by 14?
8
Suppose 16*w + 90 = 19*w. Let a = 95 - 86. Calculate the remainder when w is divided by a.
3
Let z = -6 - 5. Let c = z - -22. What is the remainder when c is divided by 6?
5
Let c(b) = 53*b**3 - 45*b**3 - b + 2 + 0. Calculate the remainder when 61 is divided by c(1).
7
Let r = 36 + -20. Suppose -5*k - 4*w + 79 = 0, -k + w + r = 2*w. Suppose -j - 8 = 4*y, -3*y + y = j + 2. Calculate the remainder when k is divided by j.
3
Let j(z) = -27*z**3 - z - 1. Suppose -8*b = -22 - 26. What is the remainder when j(-1) is divided by (-5)/(2 + (-14)/b)?
12
Suppose -11*t + 6 = -14*t. Let o(h) = 2*h + 3. Let i be o(t). Calculate the rem